. Let l(q) = -q**3 + q**2 - q + 19. What are the prime factors of l(b)?
19
Suppose 4*w + 6*w - 410 = 0. List the prime factors of w.
41
List the prime factors of 58/10*(6 - 1).
29
List the prime factors of (276/(-20) - 1)*-5.
2, 37
Let s(l) = l + 25. List the prime factors of s(0).
5
Suppose 4*b - b = 3*f - 6, 0 = 3*b. Suppose -f*z + 3*z - 3*r = 11, -4*r = -5*z + 44. What are the prime factors of z + ((-1)/1)/(-1)?
3
Let y = 5 + 29. List the prime factors of y.
2, 17
Let s = 2 - -23. List the prime factors of s.
5
What are the prime factors of (4 - (3 - -4)) + 8?
5
Suppose -4*k = -0*k - 4. Suppose 4*t = 13 - k. What are the prime factors of t?
3
Suppose -6*b + 5*b = 3. What are the prime factors of 4 - (b + 6) - -8?
3
Suppose -2*h = -2*f - 14, 2*h + 5*f - 13 = -h. Suppose -7 - h = -y. What are the prime factors of y?
13
Let t(s) = -4*s**3 + 2*s**2 - 4*s + 3. Let c be t(2). Let q = -21 - c. Suppose w + 4*l = 3*w - 8, q = 2*w - 3*l. List the prime factors of w.
2
List the prime factors of -7 + 5 - (1 - 57).
2, 3
Suppose 4*v - 4*o - 232 = 0, -5*o + 8 = -o. Suppose c + 4*c = v. Suppose 2*t + c = 34. What are the prime factors of t?
11
What are the prime factors of (-2)/(72/(-8526)) - 2/(-12)?
3, 79
Suppose 3*a - 35 = -3*z + 121, 156 = 3*z + a. Let d = z - -7. What are the prime factors of d?
59
Let i = -15 + 43. List the prime factors of i.
2, 7
Let z be ((-180)/21)/(1/(-7)). Suppose -3*x + 7*x - z = 0. What are the prime factors of x?
3, 5
Let t = -1 - -1. Suppose t = -0*u + 4*u. Suppose u*w + 40 = 4*w. List the prime factors of w.
2, 5
Let t(i) = i. Let j be t(4). Suppose -q + j = -0. List the prime factors of q.
2
Let d(p) = 2*p + 3. Let y be d(6). Let b be (6/2)/(3/y). What are the prime factors of ((-9)/b)/((-1)/15)?
3
Let h(f) = -f**2 + 14*f + 15. List the prime factors of h(13).
2, 7
Let i(q) = -3*q**2 - 5*q + 4. Let j be i(3). Let x be (1 - j)*6/9. Suppose p + 4*y = x, -3*p + 4*y = -7*p + 68. List the prime factors of p.
2, 7
Suppose -2*x = -4*c - 8, 0*x - 2 = c - 5*x. Suppose -2*o + 4 = -4*u, -14 = 2*o - 3*o - 2*u. Let f = o + c. What are the prime factors of f?
2, 3
Suppose 0 = 4*y - 62 - 142. What are the prime factors of y?
3, 17
Let c be 1 - 4/(-4) - 0. Suppose c*n = -n + 81. List the prime factors of n.
3
Suppose u - 8 = -3*b, 5*b - 2*u + 4*u - 12 = 0. Suppose 2*m - 10 = 0, b*c - 3*c + 3*m = 27. What are the prime factors of c?
2, 3
Suppose f = -4*t + 5, -4*f + 6*t - 2*t + 20 = 0. Suppose b - 11 = i - 3*i, -5*b + 3*i + 3 = 0. Suppose 29 = b*d + f. List the prime factors of d.
2
List the prime factors of -8 - -5 - (1 + -39).
5, 7
Let w = -8 - -18. List the prime factors of w.
2, 5
Let x(r) = -r - 4. What are the prime factors of x(-9)?
5
Let y be (-5 - -6)/((-2)/(-110)). Suppose 2*b + 15 - y = 0. List the prime factors of 6/4*b/6.
5
Let s = 7 + -11. Let t = -2 - s. What are the prime factors of t + (1 - (-7 - 1))?
11
Let h = -16 - -31. Suppose -3*u = -u + j - 7, 0 = -5*j - h. List the prime factors of u.
5
Let v(d) = -d**3 + 5*d**2 + 3*d - 5. Let u be v(5). Suppose -2*a + 17 = -i, 5*i + u + 12 = 3*a. What are the prime factors of a?
3
Let l(w) = -w**3 - 4*w**2 - 2*w - 6. Let d(q) = -q**3 - 4*q**2 - 2*q - 6. Let g(t) = 7*d(t) - 6*l(t). What are the prime factors of g(-5)?
29
Suppose 5 = 2*t - 3*t. Let l be (3/t)/(1/(-5)). Suppose 60 = 4*h - 4*d, -5*d + 14 = 2*h - l*d. List the prime factors of h.
11
Let g be 1/(-2)*(0 + 0). Suppose 3*y + y = g. Suppose y*k = -2*k + 20. List the prime factors of k.
2, 5
Let m = 2 - 0. Suppose m*s = 3*s - 14. What are the prime factors of s?
2, 7
Let c(s) = -s - 2. Let d be c(-4). Let r = -2 - d. Let m(p) = -p**3 - 4*p**2 - p + 5. What are the prime factors of m(r)?
3
Let a(o) = 15*o - 3. Let i be 10/4 - (-9)/(-18). List the prime factors of a(i).
3
Let v be (21 - -1)*(-12)/(-8). Suppose -3*f + 0*f = -v. What are the prime factors of f?
11
Suppose 289 = -4*l + 1257. What are the prime factors of l?
2, 11
Let y(a) = -a**2 + 7*a + 8. Let g be y(7). Suppose -i + g + 1 = 0. List the prime factors of i.
3
Suppose 0 = -2*g - 0 + 2. Let a = g + 1. What are the prime factors of a?
2
Suppose -4*k + 2*t + 71 + 47 = 0, 0 = -5*k + t + 149. Let g = 78 - k. Suppose g = -o + 5*o. List the prime factors of o.
2, 3
Let m = 0 + 0. Let f(l) = -2*l - 5 + l + m. List the prime factors of f(-10).
5
Suppose -2*h - 2*w = -52, -3*h + 78 = w - 4*w. List the prime factors of h.
2, 13
Let f(t) = t**3 + 4*t**2 + 2*t + 1. Let q be f(-2). Suppose 2*l - 5*y = l + 8, 12 = q*l + 3*y. List the prime factors of l/(-2) - (-105)/10.
3
Suppose 0 = -a + 1 + 1. Let v = 4 - a. Suppose -16 = -4*n - 0, 14 = v*s - n. List the prime factors of s.
3
Suppose b - 3 = -w, 2*b = -7*w + 2*w + 12. What are the prime factors of (w - (3 - 1)) + 21?
3, 7
Let h = 114 + -73. What are the prime factors of h?
41
Let g(r) = -r**3 - 6*r**2. Let i be g(-6). Suppose 4*k - 86 = -2*z, -3*k + i*z - z = -62. What are the prime factors of k?
19
Suppose v = -0*v + 66. Suppose v = -7*k + 4*k - 5*z, -88 = 4*k - 3*z. Let o = k + 42. List the prime factors of o.
2, 5
Let b be (24/(-9))/((-12)/(-18)). Let p(z) = -z**3 - z**2 + 4*z + 1. List the prime factors of p(b).
3, 11
Let z(h) = 68*h + 4. List the prime factors of z(2).
2, 5, 7
Let r(b) = -b**3 + 8*b**2 + b - 5. Let t be r(8). List the prime factors of ((-1)/2)/(t/(-78)).
13
Let c = -221 - -356. List the prime factors of c.
3, 5
Let v(o) = -2*o**3 - 5*o**2 - 6*o - 6. List the prime factors of v(-3).
3, 7
Let c(r) = 3*r**2 - 3*r + 17. List the prime factors of c(-7).
5, 37
Let c = -2 + 6. Let y = 1 - c. Let u = 9 + y. What are the prime factors of u?
2, 3
Let n(u) be the second derivative of 3*u**4/4 + u**3/6 + 4*u. What are the prime factors of n(1)?
2, 5
Suppose 0 = -2*u + 5*u - 2*q + 58, 0 = -3*u + q - 56. Let a = -11 - u. Let r = a - 4. What are the prime factors of r?
3
Let c(w) = w**2 - 4*w - 5. Let f be c(-3). Let a(j) = 3*j + 2. Let b be a(-4). Let n = b + f. What are the prime factors of n?
2, 3
Let b(v) be the first derivative of -v**4/4 - 4*v**3/3 + v**2 - 6*v + 3. Let p = -4 + -1. What are the prime factors of b(p)?
3
Let b(x) = 2*x + 6. Let m be b(-5). Let p = -1 - m. Suppose 43 = 2*c + p. List the prime factors of c.
2, 5
Let k be (-4 - -4)*1/(-2). Suppose u = -3*b + 39 + 2, k = -2*u - 8. Let j = b - 11. What are the prime factors of j?
2
Let b be 4/(-8)*2*-3. Let m(g) = -8 + 6*g**2 + g**b - g + 2*g - 4*g + 0*g**3. List the prime factors of m(-6).
2, 5
What are the prime factors of (-25)/(0/(-1) + -1)?
5
Let h be -9 + -1 + 0 + 0. Let t = h - -14. What are the prime factors of t?
2
Let p be ((-1)/(-2))/((-2)/(-56)). Suppose 0 = 3*m - 5*m + 8. Suppose p = m*h - 2*h. What are the prime factors of h?
7
List the prime factors of (4 - 57/6)*-8.
2, 11
Suppose 38*d = 35*d + 399. What are the prime factors of d?
7, 19
What are the prime factors of ((-5)/(5/(-13)))/1?
13
Let t be (-2)/(-11) + (-458)/(-22). Let s = -10 + t. List the prime factors of s.
11
Let i = -20 + 39. What are the prime factors of i?
19
What are the prime factors of -30*(1 + 5/(-2))?
3, 5
Let s = -19 + 16. What are the prime factors of -46*((-12)/(-8))/s?
23
Let d(t) = -14*t + 273. What are the prime factors of d(0)?
3, 7, 13
Let f be (9/(-2))/(2/4). Let g be 4/(-4 + 2) + -3. Let v = g - f. List the prime factors of v.
2
Let w(v) = v - 2. Let h be w(6). Suppose -t + h*c = -29, 0 + 4 = -c. List the prime factors of t.
13
Let l(y) = -2*y + 2. Let j be l(5). Let s be (-4)/(-16) - 14/j. Suppose 4*n - 38 = -s*i, 4*n - 2*i - 24 = 18. What are the prime factors of n?
2, 5
Suppose -3*j = -0*j + 4*l - 26, -2*j = -2*l + 6. Suppose -j*x - 7 + 25 = 0. List the prime factors of x.
3
Let k = -67 - -120. What are the prime factors of k?
53
Suppose 2*f + 2 = -2*q, -3*f + 1 = 4*q + 2. Suppose q*a - n = 42, 3*a = 3*n - n + 62. List the prime factors of a.
2, 11
Suppose d = 15 - 1. What are the prime factors of 2/8 - d/(-8)?
2
Suppose 0*b - 20 = -3*v + 2*b, -5*v = 5*b. Suppose 23 + v = 3*s. Suppose -o - s = -4*o. What are the prime factors of o?
3
Suppose n + 4*w = 2*n + 14, -5*n + 25 = -w. What are the prime factors of n?
2, 3
Let n = -9 - -6. List the prime factors of 12/(5/((-20)/n)).
2
Let l(a) = -41*a + 1. Let j be l(6). List the prime factors of j/(-20) - 2